/(4/(-120)). Let h = n - -323. Is h a composite number?
True
Let w = 604433 + -207912. Is w a prime number?
False
Suppose n - 89 = 4*b, 4*b + 19 = -2*n - 67. Let k(x) = -x**3 - 22*x**2 - 29*x + 15. Is k(b) a prime number?
True
Let r(m) = m**3 + 46*m**2 - 135*m + 5. Is r(-32) composite?
False
Let p(g) = 102774*g + 293. Is p(1) prime?
True
Let u(k) = -k**2 - 13*k + 64. Let z be u(-17). Is 39679 - z/(-3 + 1) a prime number?
False
Let p(u) = 453*u + 1. Let t be (-3)/((-7)/21 - 2/12). Let w be ((-4)/(-12) - -2) + t/(-18). Is p(w) composite?
False
Let f(q) = q**2 - 7*q + 8. Let o be f(5). Let i(k) = k**2 + 3*k + 8. Let p be i(o). Is (309/p)/((-4)/(-8)) a prime number?
True
Let c(r) = 3*r - 3. Let h(x) = 3*x - 4. Let w(a) = 3*c(a) - 2*h(a). Let v be w(-5). Is ((-2876)/(-6))/(v/(-24)) composite?
False
Suppose -20 = -4*b, 0 = -o + 3*b - 4 - 9. Let n(s) = 9 + 7*s**2 + 16*s + s**o - 5*s**2 - 4*s**2. Is n(14) prime?
True
Let p(d) be the first derivative of d**3 + 25*d**2/2 + 24*d + 2. Let q(a) = a**3 + 13*a**2 + 26*a - 50. Let o be q(-10). Is p(o) a prime number?
False
Let x = -11119 - -7725. Let f(n) = -110*n**2 + 3. Let w be f(4). Let g = w - x. Is g a composite number?
False
Suppose 3*c - d = 908409, 4*c - 36*d + 41*d - 1211174 = 0. Is c a prime number?
True
Let a be (-12 + (10 - 6))*902/(-4). Is a + (-18)/(-12)*-2 composite?
False
Let q(a) be the second derivative of 115*a**4/6 - 5*a**3/3 + 11*a**2/2 - a - 2. Is q(3) composite?
True
Let q(y) = 307*y**2 + 120*y + 1812. Is q(-41) prime?
True
Let q(u) = 6*u + 136. Let v be q(-8). Suppose -12 = -3*k - 6. Suppose -d - v = -k*r, 3*d - 8*d = 10. Is r a composite number?
False
Let o be 1/2*-6 + 872. Let n(r) = -r**2 - 2*r + 52. Let b be n(-8). Suppose -582 = 2*k - 4*k - 4*c, 3*k - o = -b*c. Is k a prime number?
False
Is 2058*14 - -30*(-17)/102 composite?
False
Suppose 887 - 17339 = 4*s. Let j = s + 7149. Suppose 4329 = 3*b - j. Is b a composite number?
True
Suppose -21219 - 6485 = -8*m. Is m a prime number?
True
Suppose 3*c - 22102 - 3176 = -3*c. Is c composite?
True
Let r(j) = -517*j**2 - 18*j + 45. Let b be r(8). Is 1*(b/(-49) - 2/7) a composite number?
False
Suppose 5*m - 67007 = 4*c - 828, -3*m + c = -39713. Suppose 48*t + m = 57*t. Is t a prime number?
True
Suppose -2*w + 60 + 46 = 4*y, -5*w = -15. Suppose 145 = 6*f + y. Suppose -b + 5*k = -26 - 202, 0 = 4*k + f. Is b composite?
True
Is -2*(-2)/6 - 7/42*-67178 prime?
True
Let d = -6230 + 8849. Let f = d + 3430. Is f a prime number?
False
Let h = 703 - 706. Is ((11 + 32968)*h/(-9))/1 a composite number?
False
Suppose -24120 = -4*c + 87228. Suppose -36*o - c = -142425. Is o prime?
False
Let h = 11965 + -8363. Let u(y) = -237*y**2 - y - 3. Let q be u(-3). Let j = h + q. Is j a composite number?
True
Let w(m) = -93*m**3 + 2*m**2 - 3*m - 4. Let l be w(-1). Let i = l - 92. Suppose -r - 3004 = -i*c - 8271, 0 = r + 5*c - 5246. Is r composite?
False
Let w(a) = 9*a + 90 + 6*a**2 - 11 + 21*a**2 - 2*a**3 + 3*a**3 - 33*a. Is w(-27) a prime number?
True
Suppose -2096 = 4*c - 8*c. Let n = 873 - c. Let s = n - 186. Is s a composite number?
False
Let t(u) be the third derivative of 43*u**5/5 - u**3/3 - 5*u**2 + 9. Is t(1) a composite number?
True
Suppose -5*k - p - 8 - 8 = 0, -14 = 3*k + 5*p. Is (-32 - -33)/(k/(-1347)) composite?
False
Let p(s) = -2*s - 73 + 69 - 69 + s**2. Let l be p(0). Let f = l + 158. Is f composite?
True
Suppose 93*w - 250 = -64. Let n(d) = 79*d**2 + 4*d + 4. Let k be n(-6). Suppose -262 - k = -w*h. Is h prime?
True
Let b(k) = -61*k**2 - 2*k - 3. Let y be b(-1). Let c = 105 - y. Is c prime?
True
Let w = -15323 - -8689. Let j = w - -21155. Is j a prime number?
False
Suppose 3*i - 15 = -3*z + 2*i, -4*z + 3*i + 7 = 0. Let p = z - 0. Suppose -b + 311 = 4*g, 3*b + 0*b = -p*g + 973. Is b prime?
True
Let p = -13 + 13. Suppose p = 5*a - 6*a + 2. Is (-59)/(a*4/(-8)) prime?
True
Suppose -3*b + b + 2701 = q, -q + 2725 = -4*b. Suppose 13*x = 10928 + q. Is x a composite number?
False
Let b = 903447 - 577826. Is b prime?
False
Suppose -2*f - 27 + 37 = 0. Let d(k) = -6*k**2 + 5 + 3*k - 8*k**3 + 9*k**3 + f*k. Is d(6) composite?
False
Let n(s) = -2*s**2 + 2*s + 26. Let r be n(8). Let a = r - -98. Suppose -9*k - 4629 = -a*k. Is k prime?
True
Suppose -16*o + 57*o - 2876642 = 0. Is o prime?
False
Suppose -4*u + 67536 = 5*i, -4*u + 10*i = 8*i - 67508. Is u prime?
True
Suppose w + 15 = 3*i, -w - i - 7 + 4 = 0. Let f(b) = -6*b + 0*b - 3*b - 6*b**3 - 10*b**2 - 7. Is f(w) a composite number?
False
Suppose -15*g + 7*g = 2816. Let u be -3*(2 + g/6). Let x = 873 - u. Is x a composite number?
True
Let q(t) = -t**2 - 32*t + 278. Let o be q(-39). Suppose o*c - 5*h - 55145 = 0, -2*c - 3*h + 22056 = -4*h. Is c a prime number?
True
Suppose 24 = 3*l + 5*l. Suppose -21 = -4*g + f - 2, 0 = -l*g + f + 14. Suppose -g*i + i - 4*y + 520 = 0, -4*i + 2*y = -526. Is i composite?
False
Let z(s) = -232*s - 159. Suppose -32 = -30*q - 362. Is z(q) prime?
True
Suppose -3*s = w - 5*s - 30261, 5*w - s - 151323 = 0. Is w a prime number?
False
Let g = 344 - 232. Suppose -y - g = 6*y. Let v(d) = -2*d**3 - 15*d**2 + 15*d - 29. Is v(y) a composite number?
True
Suppose -5*h + 31 = p, -135*p + 4*h = -139*p + 92. Suppose -p*a + 148264 - 8047 = 0. Is a composite?
True
Is (11/(-22))/((-8)/(-6 + 208758)) a composite number?
True
Let r be -7 + 5 + 6 - 2/(-1). Suppose 3*u - 16027 = s - r*s, 3*s + 2*u = 9617. Is s a composite number?
False
Let k = -1102 - 3172. Let q = -1857 - k. Is q prime?
True
Let x(a) = 155*a + 17. Let d(m) be the first derivative of -m**3/3 - 9*m**2/2 - 8*m + 1. Let g be d(-6). Is x(g) composite?
False
Let v(s) = 3795*s**3 - 2*s**2 - 10. Is v(3) prime?
True
Let h(d) be the third derivative of -7*d**6/30 + d**5/20 + d**4/6 - 13*d**3/6 - 18*d**2. Is h(-4) a composite number?
False
Let p = 64512 + 9501. Is p a prime number?
False
Is (9595074/4)/(24 + (-270)/12) composite?
True
Let c(y) be the third derivative of 887*y**5/15 - y**4/8 - 3*y**3/2 + 2*y**2 - 51*y. Is c(-2) composite?
True
Suppose -15*v - 4*l = -18*v + 68111, v - 22693 = -4*l. Suppose -5*x + 50*y - 49*y = -113463, -x = 4*y - v. Is x prime?
False
Suppose -w + 1960 = 2*r - 2*w, 5*r = -4*w + 4887. Let y = r + -262. Is y a prime number?
False
Is (-832271)/(-3) - (-7 - 5/(-5))/(-9) composite?
True
Suppose -d = -5, -4*d + 16552 = 25*n - 21*n. Is n a composite number?
False
Let k be (1 + -10)/3 - -3. Suppose -3*v + 4*v - 1915 = 2*x, k = -4*v - 4*x + 7636. Suppose -j + v = 5*h - 481, 0 = -2*h - j + 955. Is h composite?
False
Let x(c) = 2*c**3 + 3*c**2 - c - 1. Let v be x(1). Is 54/(-15) + v + (-25644)/(-15) prime?
True
Let n(v) = -63*v**2 - 39*v - 28. Let c be n(-20). Let l = -9029 - c. Is l a prime number?
False
Suppose -3*c - 3*k - 3 = 3, -3*k + 4 = -2*c. Is c - -37*255/3 a composite number?
True
Let p(g) be the second derivative of g**3/6 + 521*g**2/2 - g + 115. Is p(0) prime?
True
Let d(h) = 6*h - 220. Let i be d(37). Suppose i*p = 15643 - 3741. Is p composite?
True
Let o = -29844 + 42964. Let d = o + 5871. Is d prime?
False
Suppose -3*c + 218701 = -42*a + 44*a, -2*c + 145804 = -2*a. Is c a composite number?
False
Let r = 68029 + -28722. Is r composite?
True
Let l(g) = -g**2 + 26. Suppose 8*w + 18 = -22. Let v be l(w). Is 1 + 2350 + v/5*10 a prime number?
False
Let u(g) = 32 - 9 - 22 + 96 + 6*g. Is u(28) prime?
False
Let l = 3749 - 2283. Suppose -2*k = -3*k + 4*q - 9, 2*q = -5*k + 21. Is (-12)/(-8)*l/k prime?
True
Is -59 + 195649 - (2 - 4/(-4)) a prime number?
False
Let p be ((1 - 2) + 1)/(131/(-131)). Suppose i - 36 + 32 = 0. Suppose p = i*t - 4811 - 785. Is t composite?
False
Suppose 2*w = 3*h - 16, 40 = w - 6*w + h. Let o(a) = -56*a**3 + 3*a**2 + 6*a + 21. Is o(w) a prime number?
True
Suppose -2*x - 2*j + 10 = 0, 4*x + 1 = 2*j + 3. Let l(b) = -8*b**2 + 3*b - 2. Let w be l(x). Let r(f) = 6*f**2 + 18*f - 3. Is r(w) prime?
False
Suppose 7*p = 18*p - 2*p. Suppose p = 29*x - 22*x - 8533. Is x a prime number?
False
Is (-4124)/12*(-1740)/20 a prime number?
False
Suppose -2*p + 5 + 6 = u, 7 = -p + 2*u. Is ((-1)/p)/((-20)/419940) a composite number?
True
Suppose -4*b + 99805 = q - 2*b, -4*q = 3*b - 399220. Is q a prime number?
False
Let p = -1148 + 2791. Suppose -p = -4*a + 8889. Is a composite?
False
Suppose h - 96037 = -4*g - 11989, g 